{"id":85,"date":"2021-08-10T09:46:36","date_gmt":"2021-08-10T07:46:36","guid":{"rendered":"http:\/\/artisansdhumanite.fr\/?page_id=85"},"modified":"2021-08-25T11:56:31","modified_gmt":"2021-08-25T09:56:31","slug":"artisans-dhumanite","status":"publish","type":"page","link":"https:\/\/artisansdhumanite.fr\/index.php\/home\/artisans-dhumanite\/","title":{"rendered":"Artisans d\u2019humanit\u00e9"},"content":{"rendered":"\t\t<div data-elementor-type=\"wp-page\" data-elementor-id=\"85\" class=\"elementor elementor-85\" data-elementor-settings=\"[]\">\n\t\t\t\t\t\t\t<div class=\"elementor-section-wrap\">\n\t\t\t\t\t\t\t<section class=\"elementor-section elementor-top-section elementor-element elementor-element-f224190 elementor-section-boxed elementor-section-height-default elementor-section-height-default\" data-id=\"f224190\" data-element_type=\"section\">\n\t\t\t\t\t\t<div class=\"elementor-container elementor-column-gap-default\">\n\t\t\t\t\t<div class=\"elementor-column elementor-col-100 elementor-top-column elementor-element elementor-element-6c0a48c\" data-id=\"6c0a48c\" data-element_type=\"column\">\n\t\t\t<div class=\"elementor-widget-wrap\">\n\t\t\t\t\t\t\t\t\t<\/div>\n\t\t<\/div>\n\t\t\t\t\t\t\t<\/div>\n\t\t<\/section>\n\t\t\t\t<section class=\"elementor-section elementor-top-section elementor-element elementor-element-a5d0696 elementor-section-boxed elementor-section-height-default elementor-section-height-default\" data-id=\"a5d0696\" data-element_type=\"section\">\n\t\t\t\t\t\t<div class=\"elementor-container elementor-column-gap-default\">\n\t\t\t\t\t<div class=\"elementor-column elementor-col-100 elementor-top-column elementor-element elementor-element-3fa44a3\" data-id=\"3fa44a3\" data-element_type=\"column\">\n\t\t\t<div class=\"elementor-widget-wrap elementor-element-populated\">\n\t\t\t\t\t\t\t\t<div class=\"elementor-element elementor-element-01dda64 elementor-widget elementor-widget-heading\" data-id=\"01dda64\" data-element_type=\"widget\" data-widget_type=\"heading.default\">\n\t\t\t\t<div class=\"elementor-widget-container\">\n\t\t\t<h2 class=\"elementor-heading-title elementor-size-default\">Notre histoire<\/h2>\t\t<\/div>\n\t\t\t\t<\/div>\n\t\t\t\t<div class=\"elementor-element elementor-element-3b1adcd elementor-widget elementor-widget-text-editor\" data-id=\"3b1adcd\" data-element_type=\"widget\" data-widget_type=\"text-editor.default\">\n\t\t\t\t<div class=\"elementor-widget-container\">\n\t\t\t\t\t\t\t\t<h4><\/h4><p>Le <strong>GIE Artisans d\u2019Humanit\u00e9<\/strong> <span><strong>\u00ae<\/strong><\/span> rassemble les 5 consultants formateurs qui s\u2019inscrivent dans la mission port\u00e9e et construite ensemble au sein de l\u2019Institut IN VIAM jusqu\u2019\u00e0 sa fermeture, afin de continuer ses activit\u00e9s.<\/p><p>L&rsquo;Institut IN VIAM \u00e9tait le nouveau nom donn\u00e9 \u00e0 l&rsquo;Institut de Formation Sociale.<\/p>\t\t\t\t\t\t<\/div>\n\t\t\t\t<\/div>\n\t\t\t\t\t<\/div>\n\t\t<\/div>\n\t\t\t\t\t\t\t<\/div>\n\t\t<\/section>\n\t\t\t\t<section class=\"elementor-section elementor-top-section elementor-element elementor-element-706ef4a elementor-section-boxed elementor-section-height-default elementor-section-height-default\" data-id=\"706ef4a\" data-element_type=\"section\">\n\t\t\t\t\t\t<div class=\"elementor-container elementor-column-gap-default\">\n\t\t\t\t\t<div class=\"elementor-column elementor-col-100 elementor-top-column elementor-element elementor-element-634147f\" data-id=\"634147f\" data-element_type=\"column\">\n\t\t\t<div class=\"elementor-widget-wrap\">\n\t\t\t\t\t\t\t\t\t<\/div>\n\t\t<\/div>\n\t\t\t\t\t\t\t<\/div>\n\t\t<\/section>\n\t\t\t\t<section class=\"elementor-section elementor-top-section elementor-element elementor-element-5a8f854 elementor-section-boxed elementor-section-height-default elementor-section-height-default\" data-id=\"5a8f854\" data-element_type=\"section\">\n\t\t\t\t\t\t<div class=\"elementor-container elementor-column-gap-default\">\n\t\t\t\t\t<div class=\"elementor-column elementor-col-100 elementor-top-column elementor-element elementor-element-3d1af03\" data-id=\"3d1af03\" data-element_type=\"column\">\n\t\t\t<div class=\"elementor-widget-wrap elementor-element-populated\">\n\t\t\t\t\t\t\t\t<div class=\"elementor-element elementor-element-cdb374d elementor-widget elementor-widget-heading\" data-id=\"cdb374d\" data-element_type=\"widget\" data-widget_type=\"heading.default\">\n\t\t\t\t<div class=\"elementor-widget-container\">\n\t\t\t<h2 class=\"elementor-heading-title elementor-size-default\">Notre mission<\/h2>\t\t<\/div>\n\t\t\t\t<\/div>\n\t\t\t\t<div class=\"elementor-element elementor-element-ec22c3a elementor-widget elementor-widget-text-editor\" data-id=\"ec22c3a\" data-element_type=\"widget\" data-widget_type=\"text-editor.default\">\n\t\t\t\t<div class=\"elementor-widget-container\">\n\t\t\t\t\t\t\t\t<p>Artisans d\u2019Humanit\u00e9 est au service des institutions du champs sanitaire et social, m\u00e9dico-social, \u00e9ducatif, eccl\u00e9sial et de l\u2019\u00e9conomie sociale et solidaire, depuis les acteurs de terrains jusqu\u2019aux dirigeants.<\/p><p>Notre finalit\u00e9\u00a0:<\/p><p><strong>\u00ab\u00a0<\/strong><strong>Au c\u0153ur de la relation, accompagner le d\u00e9ploiement des personnes\u00a0\u00bb.<\/strong><\/p><p>Dans la continuit\u00e9 de l\u2019Institut In Viam, Artisans d\u2019Humanit\u00e9 a pour ambition d\u2019\u00eatre le partenaire de r\u00e9f\u00e9rence des associations qui cherchent \u00e0 mettre la personne et la relation au c\u0153ur de leur action pour contribuer, ensemble, \u00e0 une action sociale et \u00e9ducative qui soit innovante et plus humaine.<\/p><p>Les \u00e9volutions du champ de l\u2019intervention sociale \u2013 impos\u00e9es par le contexte r\u00e9glementaire et par les nouvelles formes de pr\u00e9carit\u00e9 \u2013 demandent aux acteurs sociaux de faire preuve de cr\u00e9ativit\u00e9 et d\u2019innovation, provoquant parfois une forte tension avec la finalit\u00e9 de leur mission sociale.<\/p><p>L\u2019action de Artisans d\u2019Humanit\u00e9 trouve son origine dans une <strong>conviction forte\u00a0: tout accompagnement est un engagement \u00e0 faire grandir l\u2019autre<\/strong>, en gardant un projet pleinement centr\u00e9 sur la personne et son d\u00e9veloppement int\u00e9gral.<\/p>\t\t\t\t\t\t<\/div>\n\t\t\t\t<\/div>\n\t\t\t\t\t<\/div>\n\t\t<\/div>\n\t\t\t\t\t\t\t<\/div>\n\t\t<\/section>\n\t\t\t\t<section class=\"elementor-section elementor-top-section elementor-element elementor-element-942d1b9 elementor-section-boxed elementor-section-height-default elementor-section-height-default\" data-id=\"942d1b9\" data-element_type=\"section\">\n\t\t\t\t\t\t<div class=\"elementor-container elementor-column-gap-default\">\n\t\t\t\t\t<div class=\"elementor-column elementor-col-100 elementor-top-column elementor-element elementor-element-0fbe6d6\" data-id=\"0fbe6d6\" data-element_type=\"column\">\n\t\t\t<div class=\"elementor-widget-wrap\">\n\t\t\t\t\t\t\t\t\t<\/div>\n\t\t<\/div>\n\t\t\t\t\t\t\t<\/div>\n\t\t<\/section>\n\t\t\t\t<section class=\"elementor-section elementor-top-section elementor-element elementor-element-4b6f9ea elementor-section-boxed elementor-section-height-default elementor-section-height-default\" data-id=\"4b6f9ea\" data-element_type=\"section\">\n\t\t\t\t\t\t<div class=\"elementor-container elementor-column-gap-default\">\n\t\t\t\t\t<div class=\"elementor-column elementor-col-100 elementor-top-column elementor-element elementor-element-45cd24a\" data-id=\"45cd24a\" data-element_type=\"column\">\n\t\t\t<div class=\"elementor-widget-wrap elementor-element-populated\">\n\t\t\t\t\t\t\t\t<div class=\"elementor-element elementor-element-c7bd264 elementor-widget elementor-widget-heading\" data-id=\"c7bd264\" data-element_type=\"widget\" data-widget_type=\"heading.default\">\n\t\t\t\t<div class=\"elementor-widget-container\">\n\t\t\t<h2 class=\"elementor-heading-title elementor-size-default\">Nos activit\u00e9s<\/h2>\t\t<\/div>\n\t\t\t\t<\/div>\n\t\t\t\t<div class=\"elementor-element elementor-element-0ef5b36 elementor-widget elementor-widget-text-editor\" data-id=\"0ef5b36\" data-element_type=\"widget\" data-widget_type=\"text-editor.default\">\n\t\t\t\t<div class=\"elementor-widget-container\">\n\t\t\t\t\t\t\t\t<ul><li>Interventions en formation professionnelle continue,<\/li><li>Accompagnement de type coaching ou bilan de comp\u00e9tences,<\/li><li>Relecture de pratiques et cod\u00e9veloppement,<\/li><li>Conseil<\/li><\/ul><h4><\/h4><h4>Des dispositifs sur-mesure<\/h4><p><span>Nous d\u00e9veloppons des dispositifs personnalis\u00e9s pour agir tant au niveau des pratiques de terrain qu\u2019\u00e0 celui du management global de l\u2019Organisation, en alliant formation continue, accompagnement des transformations et soutien \u00e0 l\u2019innovation.<\/span><\/p><p>Le GIE Artisans d\u2019Humanit\u00e9 soutient la recherche continue d\u2019ajustement des associations par un travail sur\u00a0:<\/p><ul><li>Les pratiques et postures d\u2019accompagnement,<\/li><li>Le renforcement des comp\u00e9tences relationnelles,<\/li><li>L\u2019exp\u00e9rimentation d\u2019approches innovantes,<\/li><\/ul><p>en coh\u00e9rence avec leurs valeurs fondatrices.<\/p><p><\/p><h4>Une \u00e9quipe pluridisciplinaire<\/h4><p><span>Des professionnels de l\u2019accompagnement -formateurs, coachs, consultants &#8211; avec une forte exp\u00e9rience de terrain. <\/span><\/p><p><span>Valorisant la diversit\u00e9 des profils et des exp\u00e9riences professionnelles et personnelles, <\/span>Artisans d\u2019Humanit\u00e9 <span>est \u00e9galement un lieu de fertilisation des comp\u00e9tences et des pratiques\u00a0: nos intervenants sont eux-m\u00eames inscrits dans une d\u00e9marche d\u2019\u00e9volution permanente de leurs propres approches.<\/span><\/p>\t\t\t\t\t\t<\/div>\n\t\t\t\t<\/div>\n\t\t\t\t\t<\/div>\n\t\t<\/div>\n\t\t\t\t\t\t\t<\/div>\n\t\t<\/section>\n\t\t\t\t\t\t<\/div>\n\t\t\t\t\t<\/div>\n\t\t","protected":false},"excerpt":{"rendered":"<p>Notre histoire Le GIE Artisans d\u2019Humanit\u00e9 \u00ae rassemble les 5 consultants formateurs qui s\u2019inscrivent dans la mission port\u00e9e et construite ensemble au sein de l\u2019Institut IN VIAM jusqu\u2019\u00e0 sa fermeture, afin de continuer ses activit\u00e9s. L&rsquo;Institut IN VIAM \u00e9tait le nouveau nom donn\u00e9 \u00e0 l&rsquo;Institut de Formation Sociale. Notre mission [&hellip;]<\/p>\n","protected":false},"author":2,"featured_media":0,"parent":41,"menu_order":0,"comment_status":"closed","ping_status":"closed","template":"page-templates\/template-page-sidebar.php","meta":{"footnotes":""},"class_list":["post-85","page","type-page","status-publish","hentry"],"_links":{"self":[{"href":"https:\/\/artisansdhumanite.fr\/index.php\/wp-json\/wp\/v2\/pages\/85","targetHints":{"allow":["GET"]}}],"collection":[{"href":"https:\/\/artisansdhumanite.fr\/index.php\/wp-json\/wp\/v2\/pages"}],"about":[{"href":"https:\/\/artisansdhumanite.fr\/index.php\/wp-json\/wp\/v2\/types\/page"}],"author":[{"embeddable":true,"href":"https:\/\/artisansdhumanite.fr\/index.php\/wp-json\/wp\/v2\/users\/2"}],"replies":[{"embeddable":true,"href":"https:\/\/artisansdhumanite.fr\/index.php\/wp-json\/wp\/v2\/comments?post=85"}],"version-history":[{"count":23,"href":"https:\/\/artisansdhumanite.fr\/index.php\/wp-json\/wp\/v2\/pages\/85\/revisions"}],"predecessor-version":[{"id":414,"href":"https:\/\/artisansdhumanite.fr\/index.php\/wp-json\/wp\/v2\/pages\/85\/revisions\/414"}],"up":[{"embeddable":true,"href":"https:\/\/artisansdhumanite.fr\/index.php\/wp-json\/wp\/v2\/pages\/41"}],"wp:attachment":[{"href":"https:\/\/artisansdhumanite.fr\/index.php\/wp-json\/wp\/v2\/media?parent=85"}],"curies":[{"name":"wp","href":"https:\/\/api.w.org\/{rel}","templated":true}]}}

Artisans d’humanité

<div data-elementor-type="wp-page" data-elementor-id="85" class="elementor elementor-85" data-elementor-settings="[]">
							<div class="elementor-section-wrap">
							<section class="elementor-section elementor-top-section elementor-element elementor-element-f224190 elementor-section-boxed elementor-section-height-default elementor-section-height-default" data-id="f224190" data-element_type="section">
						<div class="elementor-container elementor-column-gap-default">
					<div class="elementor-column elementor-col-100 elementor-top-column elementor-element elementor-element-6c0a48c" data-id="6c0a48c" data-element_type="column">
			<div class="elementor-widget-wrap">
									</div>
		</div>
							</div>
		</section>
				<section class="elementor-section elementor-top-section elementor-element elementor-element-a5d0696 elementor-section-boxed elementor-section-height-default elementor-section-height-default" data-id="a5d0696" data-element_type="section">
						<div class="elementor-container elementor-column-gap-default">
					<div class="elementor-column elementor-col-100 elementor-top-column elementor-element elementor-element-3fa44a3" data-id="3fa44a3" data-element_type="column">
			<div class="elementor-widget-wrap elementor-element-populated">
								<div class="elementor-element elementor-element-01dda64 elementor-widget elementor-widget-heading" data-id="01dda64" data-element_type="widget" data-widget_type="heading.default">
				<div class="elementor-widget-container">
			<h2 class="elementor-heading-title elementor-size-default">Notre histoire</h2>		</div>
				</div>
				<div class="elementor-element elementor-element-3b1adcd elementor-widget elementor-widget-text-editor" data-id="3b1adcd" data-element_type="widget" data-widget_type="text-editor.default">
				<div class="elementor-widget-container">
								<h4></h4><p>Le <strong>GIE Artisans d’Humanité</strong> <span><strong>®</strong></span> rassemble les 5 consultants formateurs qui s’inscrivent dans la mission portée et construite ensemble au sein de l’Institut IN VIAM jusqu’à sa fermeture, afin de continuer ses activités.</p><p>L&rsquo;Institut IN VIAM était le nouveau nom donné à l&rsquo;Institut de Formation Sociale.</p>						</div>
				</div>
					</div>
		</div>
							</div>
		</section>
				<section class="elementor-section elementor-top-section elementor-element elementor-element-706ef4a elementor-section-boxed elementor-section-height-default elementor-section-height-default" data-id="706ef4a" data-element_type="section">
						<div class="elementor-container elementor-column-gap-default">
					<div class="elementor-column elementor-col-100 elementor-top-column elementor-element elementor-element-634147f" data-id="634147f" data-element_type="column">
			<div class="elementor-widget-wrap">
									</div>
		</div>
							</div>
		</section>
				<section class="elementor-section elementor-top-section elementor-element elementor-element-5a8f854 elementor-section-boxed elementor-section-height-default elementor-section-height-default" data-id="5a8f854" data-element_type="section">
						<div class="elementor-container elementor-column-gap-default">
					<div class="elementor-column elementor-col-100 elementor-top-column elementor-element elementor-element-3d1af03" data-id="3d1af03" data-element_type="column">
			<div class="elementor-widget-wrap elementor-element-populated">
								<div class="elementor-element elementor-element-cdb374d elementor-widget elementor-widget-heading" data-id="cdb374d" data-element_type="widget" data-widget_type="heading.default">
				<div class="elementor-widget-container">
			<h2 class="elementor-heading-title elementor-size-default">Notre mission</h2>		</div>
				</div>
				<div class="elementor-element elementor-element-ec22c3a elementor-widget elementor-widget-text-editor" data-id="ec22c3a" data-element_type="widget" data-widget_type="text-editor.default">
				<div class="elementor-widget-container">
								<p>Artisans d’Humanité est au service des institutions du champs sanitaire et social, médico-social, éducatif, ecclésial et de l’économie sociale et solidaire, depuis les acteurs de terrains jusqu’aux dirigeants.</p><p>Notre finalité :</p><p><strong>« </strong><strong>Au cœur de la relation, accompagner le déploiement des personnes ».</strong></p><p>Dans la continuité de l’Institut In Viam, Artisans d’Humanité a pour ambition d’être le partenaire de référence des associations qui cherchent à mettre la personne et la relation au cœur de leur action pour contribuer, ensemble, à une action sociale et éducative qui soit innovante et plus humaine.</p><p>Les évolutions du champ de l’intervention sociale – imposées par le contexte réglementaire et par les nouvelles formes de précarité – demandent aux acteurs sociaux de faire preuve de créativité et d’innovation, provoquant parfois une forte tension avec la finalité de leur mission sociale.</p><p>L’action de Artisans d’Humanité trouve son origine dans une <strong>conviction forte : tout accompagnement est un engagement à faire grandir l’autre</strong>, en gardant un projet pleinement centré sur la personne et son développement intégral.</p>						</div>
				</div>
					</div>
		</div>
							</div>
		</section>
				<section class="elementor-section elementor-top-section elementor-element elementor-element-942d1b9 elementor-section-boxed elementor-section-height-default elementor-section-height-default" data-id="942d1b9" data-element_type="section">
						<div class="elementor-container elementor-column-gap-default">
					<div class="elementor-column elementor-col-100 elementor-top-column elementor-element elementor-element-0fbe6d6" data-id="0fbe6d6" data-element_type="column">
			<div class="elementor-widget-wrap">
									</div>
		</div>
							</div>
		</section>
				<section class="elementor-section elementor-top-section elementor-element elementor-element-4b6f9ea elementor-section-boxed elementor-section-height-default elementor-section-height-default" data-id="4b6f9ea" data-element_type="section">
						<div class="elementor-container elementor-column-gap-default">
					<div class="elementor-column elementor-col-100 elementor-top-column elementor-element elementor-element-45cd24a" data-id="45cd24a" data-element_type="column">
			<div class="elementor-widget-wrap elementor-element-populated">
								<div class="elementor-element elementor-element-c7bd264 elementor-widget elementor-widget-heading" data-id="c7bd264" data-element_type="widget" data-widget_type="heading.default">
				<div class="elementor-widget-container">
			<h2 class="elementor-heading-title elementor-size-default">Nos activités</h2>		</div>
				</div>
				<div class="elementor-element elementor-element-0ef5b36 elementor-widget elementor-widget-text-editor" data-id="0ef5b36" data-element_type="widget" data-widget_type="text-editor.default">
				<div class="elementor-widget-container">
								<ul><li>Interventions en formation professionnelle continue,</li><li>Accompagnement de type coaching ou bilan de compétences,</li><li>Relecture de pratiques et codéveloppement,</li><li>Conseil</li></ul><h4></h4><h4>Des dispositifs sur-mesure</h4><p><span>Nous développons des dispositifs personnalisés pour agir tant au niveau des pratiques de terrain qu’à celui du management global de l’Organisation, en alliant formation continue, accompagnement des transformations et soutien à l’innovation.</span></p><p>Le GIE Artisans d’Humanité soutient la recherche continue d’ajustement des associations par un travail sur :</p><ul><li>Les pratiques et postures d’accompagnement,</li><li>Le renforcement des compétences relationnelles,</li><li>L’expérimentation d’approches innovantes,</li></ul><p>en cohérence avec leurs valeurs fondatrices.</p><p></p><h4>Une équipe pluridisciplinaire</h4><p><span>Des professionnels de l’accompagnement -formateurs, coachs, consultants &#8211; avec une forte expérience de terrain. </span></p><p><span>Valorisant la diversité des profils et des expériences professionnelles et personnelles, </span>Artisans d’Humanité <span>est également un lieu de fertilisation des compétences et des pratiques : nos intervenants sont eux-mêmes inscrits dans une démarche d’évolution permanente de leurs propres approches.</span></p>						</div>
				</div>
					</div>
		</div>
							</div>
		</section>
						</div>
					</div>

<p>Notre histoire Le GIE Artisans d’Humanité ® rassemble les 5 consultants formateurs qui s’inscrivent dans la mission portée et construite ensemble au sein de l’Institut IN VIAM jusqu’à sa fermeture, afin de continuer ses activités. L&rsquo;Institut IN VIAM était le nouveau nom donné à l&rsquo;Institut de Formation Sociale. Notre mission [&hellip;]</p>
