{"id":390,"date":"2021-08-25T11:09:03","date_gmt":"2021-08-25T09:09:03","guid":{"rendered":"http:\/\/artisansdhumanite.fr\/?page_id=390"},"modified":"2021-08-25T11:12:40","modified_gmt":"2021-08-25T09:12:40","slug":"vieillir-et-partir-en-paixun-nouveau-souffle-pour-accompagnes-et-accompagnants","status":"publish","type":"page","link":"https:\/\/artisansdhumanite.fr\/index.php\/nos-formation\/vieillir-et-partir-en-paixun-nouveau-souffle-pour-accompagnes-et-accompagnants\/","title":{"rendered":"Vieillir et partir en paix,un nouveau souffle pour accompagn\u00e9s et accompagnants\u2026"},"content":{"rendered":"\t\t<div data-elementor-type=\"wp-page\" data-elementor-id=\"390\" class=\"elementor elementor-390\" data-elementor-settings=\"[]\">\n\t\t\t\t\t\t\t<div class=\"elementor-section-wrap\">\n\t\t\t\t\t\t\t<section class=\"elementor-section elementor-top-section elementor-element elementor-element-59d008d1 elementor-section-boxed elementor-section-height-default elementor-section-height-default\" data-id=\"59d008d1\" data-element_type=\"section\">\n\t\t\t\t\t\t<div class=\"elementor-container elementor-column-gap-default\">\n\t\t\t\t\t<div class=\"elementor-column elementor-col-100 elementor-top-column elementor-element elementor-element-1f48c562\" data-id=\"1f48c562\" data-element_type=\"column\">\n\t\t\t<div class=\"elementor-widget-wrap elementor-element-populated\">\n\t\t\t\t\t\t\t\t<div class=\"elementor-element elementor-element-516a474 elementor-widget elementor-widget-text-editor\" data-id=\"516a474\" data-element_type=\"widget\" data-widget_type=\"text-editor.default\">\n\t\t\t\t<div class=\"elementor-widget-container\">\n\t\t\t\t\t\t\t\t<!-- wp:paragraph -->\n<p><\/p>\n<!-- \/wp:paragraph -->\n\n<!-- wp:paragraph -->\n<p><\/p>\n<!-- \/wp:paragraph -->\t\t\t\t\t\t<\/div>\n\t\t\t\t<\/div>\n\t\t\t\t\t<\/div>\n\t\t<\/div>\n\t\t\t\t\t\t\t<\/div>\n\t\t<\/section>\n\t\t\t\t<section class=\"elementor-section elementor-top-section elementor-element elementor-element-3aa8cb5 elementor-section-boxed elementor-section-height-default elementor-section-height-default\" data-id=\"3aa8cb5\" data-element_type=\"section\">\n\t\t\t\t\t\t<div class=\"elementor-container elementor-column-gap-default\">\n\t\t\t\t\t<div class=\"elementor-column elementor-col-100 elementor-top-column elementor-element elementor-element-c069a81\" data-id=\"c069a81\" data-element_type=\"column\">\n\t\t\t<div class=\"elementor-widget-wrap elementor-element-populated\">\n\t\t\t\t\t\t\t\t<div class=\"elementor-element elementor-element-e00fdf0 elementor-widget elementor-widget-text-editor\" data-id=\"e00fdf0\" data-element_type=\"widget\" data-widget_type=\"text-editor.default\">\n\t\t\t\t<div class=\"elementor-widget-container\">\n\t\t\t\t\t\t\t\t<p><!-- wp:media-text {\"mediaId\":199,\"mediaLink\":\"http:\/\/sc1jsxj5307.universe.wf\/index.php\/nos-formation\/faire-autorite-et-porter-la-sanction\/sanctions\/\",\"mediaType\":\"image\",\"mediaWidth\":31} --><\/p>\n<div class=\"wp-block-media-text alignwide is-stacked-on-mobile\" style=\"grid-template-columns: 31% auto;\">\n<figure class=\"wp-block-media-text__media\"><img loading=\"lazy\" decoding=\"async\" src=\"http:\/\/sc1jsxj5307.universe.wf\/wp-content\/uploads\/2021\/08\/Image1-6-300x200.png\" alt=\"\" class=\"alignnone size-medium wp-image-269\" width=\"300\" height=\"200\" srcset=\"https:\/\/artisansdhumanite.fr\/wp-content\/uploads\/2021\/08\/Image1-6-300x200.png 300w, https:\/\/artisansdhumanite.fr\/wp-content\/uploads\/2021\/08\/Image1-6-360x240.png 360w, https:\/\/artisansdhumanite.fr\/wp-content\/uploads\/2021\/08\/Image1-6.png 411w\" sizes=\"auto, (max-width: 300px) 100vw, 300px\" \/><\/figure>\n<div class=\"wp-block-media-text__content\">\n<p><!-- wp:paragraph --><\/p>\n<p><i>Dans notre soci\u00e9t\u00e9, l\u2019accompagnement des personnes abordant le dernier chapitre de leur vie consiste essentiellement dans une prise en charge m\u00e9dico-psychologique. Il nous semble qu\u2019il manque une dimension plus sp\u00e9cifique, fondamentale\u00a0\u00e0 nos yeux : accompagner la personne \u00e0 d\u00e9couvrir tout ce qui fait le prix de sa vie\u00a0; la prendre en compte dans sa globalit\u00e9, corps, c\u0153ur, mais aussi esprit.<\/i><\/p>\n<p><i>Les professionnels souffrent eux-m\u00eames de ce regard tronqu\u00e9 et souhaitent prendre le temps de rencontrer la personne accompagn\u00e9e afin qu\u2019elle puisse s\u2019ouvrir \u00e0 toutes les dimensions de sa vie.<\/i><\/p>\n<p><\/p>\n<p><!-- \/wp:paragraph --><\/p>\n<\/div>\n<\/div>\n<p><!-- \/wp:media-text --><\/p>\n<p><!-- wp:heading {\"textColor\":\"accent\"} --><\/p>\n<h2 class=\"has-accent-color has-text-color\"><strong>Les enjeux auxquels r\u00e9pondre<\/strong><\/h2>\n<p><!-- \/wp:heading --><\/p>\n<p><!-- wp:paragraph --><\/p>\n<ul>\n<li>Cueillir les fruits d\u2019une vie, en relire les \u00e9v\u00e9nements et les grandes \u00e9tapes, c\u00e9l\u00e9brer les joies, mais aussi la travers\u00e9e des \u00e9preuves, leur donner sens et en d\u00e9couvrir la coh\u00e9rence.<\/li>\n<\/ul>\n<p><\/p>\n<ul>\n<li>Transmettre ce qui a du prix aux yeux de la personne, ce qui a constitu\u00e9 l\u2019essentiel de sa vie, ses valeurs et ses choix.<\/li>\n<\/ul>\n<p><\/p>\n<ul>\n<li>Partir en paix avec soi et les autres.<\/li>\n<\/ul>\n<p><\/p>\n<ul>\n<li>Associer les professionnels \u00e0 cette approche globale de la personne, c\u0153ur, psychisme, vie de l\u2019esprit, qui lui garde toute sa dignit\u00e9 jusqu\u2019au bout.<\/li>\n<\/ul>\n<p><\/p>\n<p><\/p>\n<p><!-- \/wp:paragraph --><\/p>\n<p><!-- wp:paragraph --><\/p>\n<p><!-- \/wp:paragraph --><\/p>\n<p><!-- wp:heading {\"textColor\":\"accent\"} --><\/p>\n<h2 class=\"has-accent-color has-text-color\"><strong>Les objectifs<\/strong><\/h2>\n<p><!-- \/wp:heading --><\/p>\n<p><!-- wp:paragraph --><\/p>\n<ul>\n<li>Faire d\u00e9couvrir aux professionnels une approche compl\u00e9mentaire pour accompagner les personnes lors du dernier parcours de leur vie.<\/li>\n<\/ul>\n<p><\/p>\n<ul>\n<li>Proposer aux personnes accompagn\u00e9es de relire leur vie \u00e0 partir des grands \u00e9v\u00e9nements et choix qui en ont fait la trame, et d\u00e9couvrir, avec les professionnels, ce qui en fait le prix.<\/li>\n<\/ul>\n<p><\/p>\n<ul>\n<li>D\u00e9couvrir ensemble, professionnels et personnes accompagn\u00e9es, comment aborder les \u00e9l\u00e9ments du quotidien de la vie qui soient source de joie, d\u2019apaisement et de paix.<\/li>\n<\/ul>\n<p><\/p>\n<p><\/p>\n<p><!-- \/wp:paragraph --><\/p>\n<p><!-- wp:paragraph --><\/p>\n<p><!-- \/wp:paragraph --><\/p>\n<p><!-- wp:heading {\"textColor\":\"accent\"} --><\/p>\n<h2 class=\"has-accent-color has-text-color\"><strong>Notre proposition<\/strong><\/h2>\n<p><!-- \/wp:heading --><\/p>\n<p><!-- wp:paragraph --><\/p>\n<p><\/p>\n<p>Une approche int\u00e9grant les d\u00e9marches de Victor Frankl, Roger Vittoz, et Naomi Feil (cf. ci-dessous)\u00a0:<\/p>\n<p><\/p>\n<p>Des s\u00e9ances communes professionnels et personnes \u00e2g\u00e9es\u00a0comprenant\u00a0:<\/p>\n<ul>\n<li>Un temps de formation th\u00e9orique et pratique sur les approches Frankl, Vittoz, et Feil pour les professionnels (une journ\u00e9e)<\/li>\n<\/ul>\n<p><\/p>\n<ul>\n<li>Des temps d\u2019atelier commun professionnels et personnes accompagn\u00e9es, (3 demi-journ\u00e9es),<\/li>\n<\/ul>\n<p><\/p>\n<ul>\n<li>Des exercices d\u2019application commune entre les s\u00e9ances<\/li>\n<\/ul>\n<p><\/p>\n<ul>\n<li>Un temps de relecture de pratique avec les professionnels (\u00bd journ\u00e9e)<\/li>\n<\/ul>\n<p><\/p>\n<p><\/p>\n<p><!-- \/wp:paragraph --><\/p>\n<p><!-- wp:paragraph --><\/p>\n<p><!-- \/wp:paragraph --><\/p>\n<p><!-- wp:heading {\"textColor\":\"accent\"} --><\/p>\n<h2 class=\"has-accent-color has-text-color\"><strong>Public concern\u00e9 et pr\u00e9-requis<\/strong><\/h2>\n<p><!-- \/wp:heading --><\/p>\n<p><!-- wp:paragraph --><\/p>\n<p><strong>Salari\u00e9 ou b\u00e9n\u00e9vole en situation d\u2019accompagnement <\/strong>au sein d\u2019association ou d\u2019\u00e9tablissement proposant un service d\u2019accueil, d\u2019\u00e9coute ou d\u2019accompagnement,<br \/>en particulier de personnes en situations<br \/>difficiles ou instables.<\/p>\n<p><!-- \/wp:paragraph --><\/p>\n<p><!-- wp:paragraph --><\/p>\n<p><em>Educateurs, aides-soignants, AMP, managers interm\u00e9diaires, chefs de services, \u00e9quipes m\u00e9dicales, surveillants de nuit, etc.<\/em><\/p>\n<p><!-- \/wp:paragraph --><\/p>\n<p><!-- wp:paragraph --><\/p>\n<p><!-- \/wp:paragraph --><\/p>\n<p><!-- wp:heading {\"textColor\":\"accent\"} --><\/p>\n<h2 class=\"has-accent-color has-text-color\"><strong>Notre approche<\/strong><\/h2>\n<p><!-- \/wp:heading --><\/p>\n<p><!-- wp:paragraph --><\/p>\n<p><b>Pr\u00e9sentation de l\u2019approche de Victor Frankl\u00a0:<\/b><\/p>\n<p><\/p>\n<p>Psychiatre autrichien, dissident de Freud, il a une approche de la personne humaine qui prend en compte, non seulement la dimension physiologique et psychologique, mais aussi sa dimension spirituelle\u00a0: quelque soit les circonstances et les \u00e9v\u00e9nements, la personne garde toujours une part de libert\u00e9 et de volont\u00e9 qui lui permet de garder sa dignit\u00e9 de personne et de donner du sens \u00e0 ce qu\u2019elle vit.<\/p>\n<p>Victor Frankl a mis au point des exercices permettant aux personnes de relire les \u00e9v\u00e9nements et choix de leur vie, d\u2019en rep\u00e9rer la valeur et leur donner sens. C\u2019est \u00e0 ces exercices que nous proposons de former les professionnels de fa\u00e7on \u00e0 accompagner les personnes \u00e2g\u00e9es \u00e0 une relecture apais\u00e9e de leur vie.<\/p>\n<p><\/p>\n<p><b>Pr\u00e9sentation de la m\u00e9thode Vittoz\u00a0:<\/b><\/p>\n<p><\/p>\n<p>La M\u00e9thode Roger Vittoz est une approche psychosensorielle fond\u00e9e sur la\u00a0red\u00e9couverte de nos cinq sens, d\u2019o\u00f9 l\u2019accueil plus juste de nos sensations, une meilleure conscience de nos actes. Il s\u2019agit de\u00a0mettre de la conscience\u00a0dans des processus corporels habituellement automatiques.<\/p>\n<p>La M\u00e9thode Vittoz se pratique \u00e0 l\u2019aide d\u2019exercices simples qui s\u2019int\u00e8grent\u00a0dans la vie quotidienne, contribuent\u00a0\u00e0 lui donner sens, g\u00e9n\u00e8rent un plaisir de vivre.<\/p>\n<p>Les exercices de la m\u00e9thode Vittoz am\u00e9liorent l\u2019\u00e9quilibre des deux fonctions principales du cerveau\u00a0: la\u00a0r\u00e9ceptivit\u00e9\u00a0des sensations, l\u2019\u00e9missivit\u00e9\u00a0de la pens\u00e9e.<\/p>\n<p><\/p>\n<p><b>Pr\u00e9sentation de la m\u00e9thode de Validation:<\/b><\/p>\n<p><\/p>\n<p>Cette m\u00e9thode, mise au point par Naomi Feil, repose sur le travail du grand \u00e2ge qui consisterait \u00e0 r\u00e9soudre le pass\u00e9 pour mourir en paix avec soi-m\u00eame. La personne tr\u00e8s \u00e2g\u00e9e revisite alors les moments importants de sa vie pour revivre les meilleurs et tenter d\u2019apaiser les plus douloureux. R\u00e9soudre les traces d\u2019\u00e9v\u00e9nements pass\u00e9s, revivre des plaisirs du pass\u00e9, r\u00e9activer des souvenirs, repousser le sentiment d\u2019inutilit\u00e9 du pr\u00e9sent, servirait en quelque sorte \u00e0 \u00ab\u00a0laisser la maison en ordre\u00a0\u00bb avant de la quitter. Le travail du soignant ou de l\u2019aidant consiste aupr\u00e8s de la personne tr\u00e8s \u00e2g\u00e9e \u00e0 accueillir les \u00e9motions, les valider.<\/p>\n<p><\/p>\n<p><!-- \/wp:paragraph --><\/p>\n<p><!-- wp:paragraph --><\/p>\n<p><!-- \/wp:paragraph --><\/p>\n<p><!-- wp:heading {\"textColor\":\"accent\"} --><\/p>\n<h2 class=\"has-accent-color has-text-color\"><strong>Les intervenants<\/strong><\/h2>\n<p><!-- \/wp:heading --><\/p>\n<p><!-- wp:paragraph --><\/p>\n<p>Tous les intervenants d\u2019Artisans d\u2019Humanit\u00e9 sont des professionnels de l\u2019accompagnement avec une forte<br \/>exp\u00e9rience du terrain. Nous choisissons ensemble l\u2019intervenant correspondant le plus \u00a0\u00e0 vos enjeux et objectifs mais aussi \u00e0 ceux de l\u2019\u00e9quipe accompagn\u00e9e.<\/p>\n<p><!-- \/wp:paragraph --><\/p>\n<p><!-- wp:paragraph --><\/p>\n<p>D\u00e9couvrez tous les intervenants <a href=\"http:\/\/sc1jsxj5307.universe.wf\/index.php\/presentation-des-consultants-formateurs\/\" data-type=\"URL\" data-id=\"http:\/\/sc1jsxj5307.universe.wf\/index.php\/presentation-des-consultants-formateurs\/\">sur la page correspondante.<\/a><\/p>\n<p><!-- \/wp:paragraph --><\/p>\n<p><!-- wp:paragraph --><\/p>\n<p><!-- \/wp:paragraph --><\/p>\n<p><!-- wp:heading {\"textColor\":\"accent\"} --><\/p>\n<p><\/p>\n<p><!-- \/wp:paragraph --><\/p>\n<p><!-- wp:paragraph --><\/p>\n<p><!-- \/wp:paragraph --><\/p>\n<p><!-- wp:paragraph --><\/p>\n<p><!-- \/wp:paragraph --><\/p>\t\t\t\t\t\t<\/div>\n\t\t\t\t<\/div>\n\t\t\t\t\t<\/div>\n\t\t<\/div>\n\t\t\t\t\t\t\t<\/div>\n\t\t<\/section>\n\t\t\t\t\t\t<\/div>\n\t\t\t\t\t<\/div>\n\t\t","protected":false},"excerpt":{"rendered":"<p>Dans notre soci\u00e9t\u00e9, l\u2019accompagnement des personnes abordant le dernier chapitre de leur vie consiste essentiellement dans une prise en charge m\u00e9dico-psychologique. Il nous semble qu\u2019il manque une dimension plus sp\u00e9cifique, fondamentale\u00a0\u00e0 nos yeux : accompagner la personne \u00e0 d\u00e9couvrir tout ce qui fait le prix de sa vie\u00a0; la prendre [&hellip;]<\/p>\n","protected":false},"author":2,"featured_media":0,"parent":134,"menu_order":0,"comment_status":"closed","ping_status":"closed","template":"","meta":{"footnotes":""},"class_list":["post-390","page","type-page","status-publish","hentry"],"_links":{"self":[{"href":"https:\/\/artisansdhumanite.fr\/index.php\/wp-json\/wp\/v2\/pages\/390","targetHints":{"allow":["GET"]}}],"collection":[{"href":"https:\/\/artisansdhumanite.fr\/index.php\/wp-json\/wp\/v2\/pages"}],"about":[{"href":"https:\/\/artisansdhumanite.fr\/index.php\/wp-json\/wp\/v2\/types\/page"}],"author":[{"embeddable":true,"href":"https:\/\/artisansdhumanite.fr\/index.php\/wp-json\/wp\/v2\/users\/2"}],"replies":[{"embeddable":true,"href":"https:\/\/artisansdhumanite.fr\/index.php\/wp-json\/wp\/v2\/comments?post=390"}],"version-history":[{"count":4,"href":"https:\/\/artisansdhumanite.fr\/index.php\/wp-json\/wp\/v2\/pages\/390\/revisions"}],"predecessor-version":[{"id":397,"href":"https:\/\/artisansdhumanite.fr\/index.php\/wp-json\/wp\/v2\/pages\/390\/revisions\/397"}],"up":[{"embeddable":true,"href":"https:\/\/artisansdhumanite.fr\/index.php\/wp-json\/wp\/v2\/pages\/134"}],"wp:attachment":[{"href":"https:\/\/artisansdhumanite.fr\/index.php\/wp-json\/wp\/v2\/media?parent=390"}],"curies":[{"name":"wp","href":"https:\/\/api.w.org\/{rel}","templated":true}]}}