{"id":164,"date":"2021-08-12T08:00:55","date_gmt":"2021-08-12T06:00:55","guid":{"rendered":"http:\/\/artisansdhumanite.fr\/?page_id=164"},"modified":"2021-08-25T08:01:13","modified_gmt":"2021-08-25T06:01:13","slug":"posture-et-pratique-des-acteurs-sur-le-terrain","status":"publish","type":"page","link":"https:\/\/artisansdhumanite.fr\/index.php\/nos-formation\/posture-et-pratique-des-acteurs-sur-le-terrain\/","title":{"rendered":"Posture et pratique des acteurs sur le terrain"},"content":{"rendered":"\t\t<div data-elementor-type=\"wp-page\" data-elementor-id=\"164\" class=\"elementor elementor-164\" data-elementor-settings=\"[]\">\n\t\t\t\t\t\t\t<div class=\"elementor-section-wrap\">\n\t\t\t\t\t\t\t<section class=\"elementor-section elementor-top-section elementor-element elementor-element-d6ddf44 elementor-section-boxed elementor-section-height-default elementor-section-height-default\" data-id=\"d6ddf44\" data-element_type=\"section\">\n\t\t\t\t\t\t<div class=\"elementor-container elementor-column-gap-default\">\n\t\t\t\t\t<div class=\"elementor-column elementor-col-100 elementor-top-column elementor-element elementor-element-7debee1\" data-id=\"7debee1\" data-element_type=\"column\">\n\t\t\t<div class=\"elementor-widget-wrap\">\n\t\t\t\t\t\t\t\t\t<\/div>\n\t\t<\/div>\n\t\t\t\t\t\t\t<\/div>\n\t\t<\/section>\n\t\t\t\t<section class=\"elementor-section elementor-top-section elementor-element elementor-element-f3b0818 elementor-section-boxed elementor-section-height-default elementor-section-height-default\" data-id=\"f3b0818\" data-element_type=\"section\">\n\t\t\t\t\t\t<div class=\"elementor-container elementor-column-gap-default\">\n\t\t\t\t\t<div class=\"elementor-column elementor-col-100 elementor-top-column elementor-element elementor-element-0ac64e7\" data-id=\"0ac64e7\" data-element_type=\"column\">\n\t\t\t<div class=\"elementor-widget-wrap elementor-element-populated\">\n\t\t\t\t\t\t\t\t<div class=\"elementor-element elementor-element-6aa6407 elementor-widget elementor-widget-text-editor\" data-id=\"6aa6407\" data-element_type=\"widget\" data-widget_type=\"text-editor.default\">\n\t\t\t\t<div class=\"elementor-widget-container\">\n\t\t\t\t\t\t\t\t<p><!-- wp:media-text {\"mediaId\":199,\"mediaLink\":\"http:\/\/sc1jsxj5307.universe.wf\/index.php\/nos-formation\/faire-autorite-et-porter-la-sanction\/sanctions\/\",\"mediaType\":\"image\",\"mediaWidth\":31} --><\/p><div class=\"wp-block-media-text alignwide is-stacked-on-mobile\" style=\"grid-template-columns: 31% auto;\"><figure class=\"wp-block-media-text__media\"><img loading=\"lazy\" decoding=\"async\" src=\"http:\/\/sc1jsxj5307.universe.wf\/wp-content\/uploads\/2021\/08\/Image1-6-300x200.png\" alt=\"\" class=\"alignnone size-medium wp-image-269\" width=\"300\" height=\"200\" srcset=\"https:\/\/artisansdhumanite.fr\/wp-content\/uploads\/2021\/08\/Image1-6-300x200.png 300w, https:\/\/artisansdhumanite.fr\/wp-content\/uploads\/2021\/08\/Image1-6-360x240.png 360w, https:\/\/artisansdhumanite.fr\/wp-content\/uploads\/2021\/08\/Image1-6.png 411w\" sizes=\"auto, (max-width: 300px) 100vw, 300px\" \/><\/figure><div class=\"wp-block-media-text__content\"><p><!-- wp:paragraph --><\/p><p><i>Comment appuyer le d\u00e9veloppement de vos \u00e9quipes de terrain en lien avec des \u00e9volutions du contexte d\u2019exercice de leurs missions, des attentes vis-\u00e0-vis de leurs postures et pratiques d\u2019accompagnement ? Comment consolider ou installer une culture commune de l\u2019accompagnement entre plusieurs \u00e9quipes, \u00e9tablissements, ou encore en int\u00e9grant la pluridisciplinarit\u00e9 des approches ? Comment mieux articuler les valeurs fortes port\u00e9es par votre association, f\u00e9d\u00e9ration, et les actions quotidiennes de terrain des accompagnants ? Comment faire face \u00e0 l\u2019usure de vos \u00e9quipes et leur permettre de trouver un nouveau souffle ?<\/i><\/p><p><\/p><p><!-- \/wp:paragraph --><\/p><\/div><\/div><p><!-- \/wp:media-text --><\/p><p><!-- wp:heading {\"textColor\":\"accent\"} --><\/p><h2 class=\"has-accent-color has-text-color\"><strong>Les enjeux auxquels r\u00e9pondre<\/strong><\/h2><p><!-- \/wp:heading --><\/p><p><!-- wp:paragraph --><\/p><p>Partir des r\u00e9alit\u00e9s des \u00e9quipes, de leurs exp\u00e9riences, et permettre \u00e0 chacun de <b>progresse<\/b>r \u00e0 partir de l\u00e0 o\u00f9 il est en est, est un enjeu majeur pour une vraie construction progressive d\u2019une communaut\u00e9 apprenante cherchant \u00e0 avancer dans sa pratique de l\u2019accompagnement <b>en coh\u00e9rence avec les r\u00e9alit\u00e9s <\/b>complexes et \u00e9volutives de ceux pour qui ils travaillent.<\/p><p><\/p><p>Un autre enjeu et de permettre une r\u00e9elle int\u00e9gration des valeurs humaines port\u00e9es par les Organisation dans les pratiques d\u2019accompagnement.<\/p><p><\/p><p>Enfin la nature m\u00eame des m\u00e9tiers de l\u2019accompagnement suppose pour chacun de pouvoir <b>prendre du recul <\/b>sur soi-m\u00eame, de mieux se connaitre pour mieux interagir avec l\u2019autre.<\/p><p><\/p><p><!-- \/wp:paragraph --><\/p><p><!-- wp:paragraph --><\/p><p><!-- \/wp:paragraph --><\/p><p><!-- wp:heading {\"textColor\":\"accent\"} --><\/p><h2 class=\"has-accent-color has-text-color\"><strong>Les objectifs<\/strong><\/h2><p><!-- \/wp:heading --><\/p><p><!-- wp:paragraph --><\/p><p>D\u00e9finis avec l\u2019Organisation, ils peuvent r\u00e9pondre \u00e0 la volont\u00e9 de :<\/p><p><\/p><ul><li>D\u00e9velopper les postures et pratiques \u00e0 partir des besoins et enjeux des \u00e9quipes<\/li><\/ul><p><\/p><ul><li>Assurer la croissance continue des comp\u00e9tences d\u2019accompagnement<\/li><li>Lutter contre l\u2019usure des personnes<\/li><li><p>Faire \u00e9quipe<\/p><\/li><li><p>Co-construire des approches innovantes<\/p><p><\/p><p><\/p><\/li><\/ul><p><!-- \/wp:paragraph --><\/p><p><!-- wp:paragraph --><\/p><p><!-- \/wp:paragraph --><\/p><p><!-- wp:heading {\"textColor\":\"accent\"} --><\/p><h2 class=\"has-accent-color has-text-color\"><strong>Notre proposition<\/strong><\/h2><p><!-- \/wp:heading --><\/p><p><!-- wp:paragraph --><\/p><p>Notre proposition est \u00e9tablie sur mesure tant en contenus, qu\u2019en modalit\u00e9s p\u00e9dagogiques, rythmes et<\/p><p>dur\u00e9es, \u00e0 partir des besoins identifi\u00e9s.<\/p><p>En fonction des besoins, elle peut conjuguer des \u00e9l\u00e9ments abord\u00e9s dans le cadre de nos approches th\u00e9matiques comme \u00eatre totalement sp\u00e9cifique \u00e0 la situation.<\/p><p>Nous\u00a0\u00a0\u00a0\u00a0\u00a0 travaillons\u00a0\u00a0\u00a0\u00a0\u00a0 dans\u00a0 une co-construction de proximit\u00e9 permettant\u00a0 \u00e0 chaque\u00a0 parcours de formations d\u2019\u00eatre adapt\u00e9 aux besoins identifi\u00e9s.<\/p><p><\/p><table width=\"11\" height=\"5\"><tbody><tr><td width=\"436\"><\/td><\/tr><\/tbody><\/table><p><\/p><p><!-- \/wp:paragraph --><\/p><p><!-- wp:paragraph --><\/p><p><!-- \/wp:paragraph --><\/p><p><!-- wp:heading {\"textColor\":\"accent\"} --><\/p><h2 class=\"has-accent-color has-text-color\"><strong>Public concern\u00e9 et pr\u00e9-requis<\/strong><\/h2><p><!-- \/wp:heading --><\/p><p><!-- wp:paragraph --><\/p><p><strong>Salari\u00e9 ou b\u00e9n\u00e9vole en situation d\u2019accompagnement <\/strong>au sein d\u2019association ou d\u2019\u00e9tablissement proposant un service d\u2019accueil, d\u2019\u00e9coute ou d\u2019accompagnement,<br \/>en particulier de personnes en situations<br \/>difficiles ou instables.<\/p><p><!-- \/wp:paragraph --><\/p><p><!-- wp:paragraph --><\/p><p><em>Educateurs, aides-soignants, AMP, managers interm\u00e9diaires, chefs de services, \u00e9quipes m\u00e9dicales, surveillants de nuit, etc.<\/em><\/p><p><!-- \/wp:paragraph --><\/p><p><!-- wp:paragraph --><\/p><p><!-- \/wp:paragraph --><\/p><p><!-- wp:heading {\"textColor\":\"accent\"} --><\/p><h2 class=\"has-accent-color has-text-color\"><strong>Notre approche<\/strong><\/h2><p><!-- \/wp:heading --><\/p><p><!-- wp:paragraph --><\/p><p>Notre approche est centr\u00e9e sur le d\u00e9veloppement des <b>comp\u00e9tences de la relation <\/b>au c\u0153ur de tout accompagnement et se d\u00e9ploie au regard des objectifs d\u00e9finis.<\/p><p>Tr\u00e8s centr\u00e9e sur l\u2019exp\u00e9rimentation et partant de l\u2019exp\u00e9rience de chacun elle permet de conduire de v\u00e9ritables prises de conscience et des transformations des pratiques et postures d\u2019accompagnement tant individuelles que collectives.<\/p><p><\/p><p><!-- \/wp:paragraph --><\/p><p><!-- wp:paragraph --><\/p><p><!-- \/wp:paragraph --><\/p><p><!-- wp:heading {\"textColor\":\"accent\"} --><\/p><h2 class=\"has-accent-color has-text-color\"><strong>Les intervenants<\/strong><\/h2><p><!-- \/wp:heading --><\/p><p><!-- wp:paragraph --><\/p><p>Tous les intervenants d\u2019Artisans d\u2019Humanit\u00e9 sont des professionnels de l\u2019accompagnement avec une forte<br \/>exp\u00e9rience du terrain. Nous choisissons ensemble l\u2019intervenant correspondant le plus \u00a0\u00e0 vos enjeux et objectifs mais aussi \u00e0 ceux de l\u2019\u00e9quipe accompagn\u00e9e.<\/p><p><!-- \/wp:paragraph --><\/p><p><!-- wp:paragraph --><\/p><p>D\u00e9couvrez tous les intervenants <a href=\"http:\/\/sc1jsxj5307.universe.wf\/index.php\/presentation-des-consultants-formateurs\/\" data-type=\"URL\" data-id=\"http:\/\/sc1jsxj5307.universe.wf\/index.php\/presentation-des-consultants-formateurs\/\">sur la page correspondante.<\/a><\/p><p><!-- \/wp:paragraph --><\/p><p><!-- wp:paragraph --><\/p><p><!-- \/wp:paragraph --><\/p><p><!-- wp:heading {\"textColor\":\"accent\"} --><\/p><p><\/p><p><!-- \/wp:paragraph --><\/p><p><!-- wp:paragraph --><\/p><p><!-- \/wp:paragraph --><\/p><p><!-- wp:paragraph --><\/p><p><!-- \/wp:paragraph --><\/p>\t\t\t\t\t\t<\/div>\n\t\t\t\t<\/div>\n\t\t\t\t\t<\/div>\n\t\t<\/div>\n\t\t\t\t\t\t\t<\/div>\n\t\t<\/section>\n\t\t\t\t\t\t<\/div>\n\t\t\t\t\t<\/div>\n\t\t","protected":false},"excerpt":{"rendered":"<p>Comment appuyer le d\u00e9veloppement de vos \u00e9quipes de terrain en lien avec des \u00e9volutions du contexte d\u2019exercice de leurs missions, des attentes vis-\u00e0-vis de leurs postures et pratiques d\u2019accompagnement ? Comment consolider ou installer une culture commune de l\u2019accompagnement entre plusieurs \u00e9quipes, \u00e9tablissements, ou encore en int\u00e9grant la pluridisciplinarit\u00e9 des [&hellip;]<\/p>\n","protected":false},"author":2,"featured_media":0,"parent":134,"menu_order":0,"comment_status":"closed","ping_status":"closed","template":"","meta":{"footnotes":""},"class_list":["post-164","page","type-page","status-publish","hentry"],"_links":{"self":[{"href":"https:\/\/artisansdhumanite.fr\/index.php\/wp-json\/wp\/v2\/pages\/164","targetHints":{"allow":["GET"]}}],"collection":[{"href":"https:\/\/artisansdhumanite.fr\/index.php\/wp-json\/wp\/v2\/pages"}],"about":[{"href":"https:\/\/artisansdhumanite.fr\/index.php\/wp-json\/wp\/v2\/types\/page"}],"author":[{"embeddable":true,"href":"https:\/\/artisansdhumanite.fr\/index.php\/wp-json\/wp\/v2\/users\/2"}],"replies":[{"embeddable":true,"href":"https:\/\/artisansdhumanite.fr\/index.php\/wp-json\/wp\/v2\/comments?post=164"}],"version-history":[{"count":5,"href":"https:\/\/artisansdhumanite.fr\/index.php\/wp-json\/wp\/v2\/pages\/164\/revisions"}],"predecessor-version":[{"id":274,"href":"https:\/\/artisansdhumanite.fr\/index.php\/wp-json\/wp\/v2\/pages\/164\/revisions\/274"}],"up":[{"embeddable":true,"href":"https:\/\/artisansdhumanite.fr\/index.php\/wp-json\/wp\/v2\/pages\/134"}],"wp:attachment":[{"href":"https:\/\/artisansdhumanite.fr\/index.php\/wp-json\/wp\/v2\/media?parent=164"}],"curies":[{"name":"wp","href":"https:\/\/api.w.org\/{rel}","templated":true}]}}

<div data-elementor-type="wp-page" data-elementor-id="164" class="elementor elementor-164" data-elementor-settings="[]">
							<div class="elementor-section-wrap">
							<section class="elementor-section elementor-top-section elementor-element elementor-element-d6ddf44 elementor-section-boxed elementor-section-height-default elementor-section-height-default" data-id="d6ddf44" data-element_type="section">
						<div class="elementor-container elementor-column-gap-default">
					<div class="elementor-column elementor-col-100 elementor-top-column elementor-element elementor-element-7debee1" data-id="7debee1" data-element_type="column">
			<div class="elementor-widget-wrap">
									</div>
		</div>
							</div>
		</section>
				<section class="elementor-section elementor-top-section elementor-element elementor-element-f3b0818 elementor-section-boxed elementor-section-height-default elementor-section-height-default" data-id="f3b0818" data-element_type="section">
						<div class="elementor-container elementor-column-gap-default">
					<div class="elementor-column elementor-col-100 elementor-top-column elementor-element elementor-element-0ac64e7" data-id="0ac64e7" data-element_type="column">
			<div class="elementor-widget-wrap elementor-element-populated">
								<div class="elementor-element elementor-element-6aa6407 elementor-widget elementor-widget-text-editor" data-id="6aa6407" data-element_type="widget" data-widget_type="text-editor.default">
				<div class="elementor-widget-container">
								<p><!-- wp:media-text {"mediaId":199,"mediaLink":"http://sc1jsxj5307.universe.wf/index.php/nos-formation/faire-autorite-et-porter-la-sanction/sanctions/","mediaType":"image","mediaWidth":31} --></p><div class="wp-block-media-text alignwide is-stacked-on-mobile" style="grid-template-columns: 31% auto;"><figure class="wp-block-media-text__media"><img loading="lazy" decoding="async" src="http://sc1jsxj5307.universe.wf/wp-content/uploads/2021/08/Image1-6-300x200.png" alt="" class="alignnone size-medium wp-image-269" width="300" height="200" srcset="https://artisansdhumanite.fr/wp-content/uploads/2021/08/Image1-6-300x200.png 300w, https://artisansdhumanite.fr/wp-content/uploads/2021/08/Image1-6-360x240.png 360w, https://artisansdhumanite.fr/wp-content/uploads/2021/08/Image1-6.png 411w" sizes="auto, (max-width: 300px) 100vw, 300px" /></figure><div class="wp-block-media-text__content"><p><!-- wp:paragraph --></p><p><i>Comment appuyer le développement de vos équipes de terrain en lien avec des évolutions du contexte d’exercice de leurs missions, des attentes vis-à-vis de leurs postures et pratiques d’accompagnement ? Comment consolider ou installer une culture commune de l’accompagnement entre plusieurs équipes, établissements, ou encore en intégrant la pluridisciplinarité des approches ? Comment mieux articuler les valeurs fortes portées par votre association, fédération, et les actions quotidiennes de terrain des accompagnants ? Comment faire face à l’usure de vos équipes et leur permettre de trouver un nouveau souffle ?</i></p><p></p><p><!-- /wp:paragraph --></p></div></div><p><!-- /wp:media-text --></p><p><!-- wp:heading {"textColor":"accent"} --></p><h2 class="has-accent-color has-text-color"><strong>Les enjeux auxquels répondre</strong></h2><p><!-- /wp:heading --></p><p><!-- wp:paragraph --></p><p>Partir des réalités des équipes, de leurs expériences, et permettre à chacun de <b>progresse</b>r à partir de là où il est en est, est un enjeu majeur pour une vraie construction progressive d’une communauté apprenante cherchant à avancer dans sa pratique de l’accompagnement <b>en cohérence avec les réalités </b>complexes et évolutives de ceux pour qui ils travaillent.</p><p></p><p>Un autre enjeu et de permettre une réelle intégration des valeurs humaines portées par les Organisation dans les pratiques d’accompagnement.</p><p></p><p>Enfin la nature même des métiers de l’accompagnement suppose pour chacun de pouvoir <b>prendre du recul </b>sur soi-même, de mieux se connaitre pour mieux interagir avec l’autre.</p><p></p><p><!-- /wp:paragraph --></p><p><!-- wp:paragraph --></p><p><!-- /wp:paragraph --></p><p><!-- wp:heading {"textColor":"accent"} --></p><h2 class="has-accent-color has-text-color"><strong>Les objectifs</strong></h2><p><!-- /wp:heading --></p><p><!-- wp:paragraph --></p><p>Définis avec l’Organisation, ils peuvent répondre à la volonté de :</p><p></p><ul><li>Développer les postures et pratiques à partir des besoins et enjeux des équipes</li></ul><p></p><ul><li>Assurer la croissance continue des compétences d’accompagnement</li><li>Lutter contre l’usure des personnes</li><li><p>Faire équipe</p></li><li><p>Co-construire des approches innovantes</p><p></p><p></p></li></ul><p><!-- /wp:paragraph --></p><p><!-- wp:paragraph --></p><p><!-- /wp:paragraph --></p><p><!-- wp:heading {"textColor":"accent"} --></p><h2 class="has-accent-color has-text-color"><strong>Notre proposition</strong></h2><p><!-- /wp:heading --></p><p><!-- wp:paragraph --></p><p>Notre proposition est établie sur mesure tant en contenus, qu’en modalités pédagogiques, rythmes et</p><p>durées, à partir des besoins identifiés.</p><p>En fonction des besoins, elle peut conjuguer des éléments abordés dans le cadre de nos approches thématiques comme être totalement spécifique à la situation.</p><p>Nous      travaillons      dans  une co-construction de proximité permettant  à chaque  parcours de formations d’être adapté aux besoins identifiés.</p><p></p><table width="11" height="5"><tbody><tr><td width="436"></td></tr></tbody></table><p></p><p><!-- /wp:paragraph --></p><p><!-- wp:paragraph --></p><p><!-- /wp:paragraph --></p><p><!-- wp:heading {"textColor":"accent"} --></p><h2 class="has-accent-color has-text-color"><strong>Public concerné et pré-requis</strong></h2><p><!-- /wp:heading --></p><p><!-- wp:paragraph --></p><p><strong>Salarié ou bénévole en situation d’accompagnement </strong>au sein d’association ou d’établissement proposant un service d’accueil, d’écoute ou d’accompagnement,<br />en particulier de personnes en situations<br />difficiles ou instables.</p><p><!-- /wp:paragraph --></p><p><!-- wp:paragraph --></p><p><em>Educateurs, aides-soignants, AMP, managers intermédiaires, chefs de services, équipes médicales, surveillants de nuit, etc.</em></p><p><!-- /wp:paragraph --></p><p><!-- wp:paragraph --></p><p><!-- /wp:paragraph --></p><p><!-- wp:heading {"textColor":"accent"} --></p><h2 class="has-accent-color has-text-color"><strong>Notre approche</strong></h2><p><!-- /wp:heading --></p><p><!-- wp:paragraph --></p><p>Notre approche est centrée sur le développement des <b>compétences de la relation </b>au cœur de tout accompagnement et se déploie au regard des objectifs définis.</p><p>Très centrée sur l’expérimentation et partant de l’expérience de chacun elle permet de conduire de véritables prises de conscience et des transformations des pratiques et postures d’accompagnement tant individuelles que collectives.</p><p></p><p><!-- /wp:paragraph --></p><p><!-- wp:paragraph --></p><p><!-- /wp:paragraph --></p><p><!-- wp:heading {"textColor":"accent"} --></p><h2 class="has-accent-color has-text-color"><strong>Les intervenants</strong></h2><p><!-- /wp:heading --></p><p><!-- wp:paragraph --></p><p>Tous les intervenants d’Artisans d’Humanité sont des professionnels de l’accompagnement avec une forte<br />expérience du terrain. Nous choisissons ensemble l’intervenant correspondant le plus  à vos enjeux et objectifs mais aussi à ceux de l’équipe accompagnée.</p><p><!-- /wp:paragraph --></p><p><!-- wp:paragraph --></p><p>Découvrez tous les intervenants <a href="http://sc1jsxj5307.universe.wf/index.php/presentation-des-consultants-formateurs/" data-type="URL" data-id="http://sc1jsxj5307.universe.wf/index.php/presentation-des-consultants-formateurs/">sur la page correspondante.</a></p><p><!-- /wp:paragraph --></p><p><!-- wp:paragraph --></p><p><!-- /wp:paragraph --></p><p><!-- wp:heading {"textColor":"accent"} --></p><p></p><p><!-- /wp:paragraph --></p><p><!-- wp:paragraph --></p><p><!-- /wp:paragraph --></p><p><!-- wp:paragraph --></p><p><!-- /wp:paragraph --></p>						</div>
				</div>
					</div>
		</div>
							</div>
		</section>
						</div>
					</div>

<p>Comment appuyer le développement de vos équipes de terrain en lien avec des évolutions du contexte d’exercice de leurs missions, des attentes vis-à-vis de leurs postures et pratiques d’accompagnement ? Comment consolider ou installer une culture commune de l’accompagnement entre plusieurs équipes, établissements, ou encore en intégrant la pluridisciplinarité des [&hellip;]</p>
