{"id":162,"date":"2021-08-12T07:59:42","date_gmt":"2021-08-12T05:59:42","guid":{"rendered":"http:\/\/artisansdhumanite.fr\/?page_id=162"},"modified":"2021-08-26T12:18:59","modified_gmt":"2021-08-26T10:18:59","slug":"le-projet-personnalise","status":"publish","type":"page","link":"https:\/\/artisansdhumanite.fr\/index.php\/nos-formation\/le-projet-personnalise\/","title":{"rendered":"Le projet personnalis\u00e9"},"content":{"rendered":"\t\t<div data-elementor-type=\"wp-page\" data-elementor-id=\"162\" class=\"elementor elementor-162\" data-elementor-settings=\"[]\">\n\t\t\t\t\t\t\t<div class=\"elementor-section-wrap\">\n\t\t\t\t\t\t\t<section class=\"elementor-section elementor-top-section elementor-element elementor-element-d3f917e elementor-section-boxed elementor-section-height-default elementor-section-height-default\" data-id=\"d3f917e\" data-element_type=\"section\">\n\t\t\t\t\t\t<div class=\"elementor-container elementor-column-gap-default\">\n\t\t\t\t\t<div class=\"elementor-column elementor-col-100 elementor-top-column elementor-element elementor-element-4b52774\" data-id=\"4b52774\" data-element_type=\"column\">\n\t\t\t<div class=\"elementor-widget-wrap\">\n\t\t\t\t\t\t\t\t\t<\/div>\n\t\t<\/div>\n\t\t\t\t\t\t\t<\/div>\n\t\t<\/section>\n\t\t\t\t<section class=\"elementor-section elementor-top-section elementor-element elementor-element-8f436f6 elementor-section-boxed elementor-section-height-default elementor-section-height-default\" data-id=\"8f436f6\" data-element_type=\"section\">\n\t\t\t\t\t\t<div class=\"elementor-container elementor-column-gap-default\">\n\t\t\t\t\t<div class=\"elementor-column elementor-col-100 elementor-top-column elementor-element elementor-element-c3de65b\" data-id=\"c3de65b\" data-element_type=\"column\">\n\t\t\t<div class=\"elementor-widget-wrap elementor-element-populated\">\n\t\t\t\t\t\t\t\t<div class=\"elementor-element elementor-element-00d9533 elementor-widget elementor-widget-text-editor\" data-id=\"00d9533\" data-element_type=\"widget\" data-widget_type=\"text-editor.default\">\n\t\t\t\t<div class=\"elementor-widget-container\">\n\t\t\t\t\t\t\t\t<p><!-- wp:media-text {\"mediaId\":199,\"mediaLink\":\"http:\/\/sc1jsxj5307.universe.wf\/index.php\/nos-formation\/faire-autorite-et-porter-la-sanction\/sanctions\/\",\"mediaType\":\"image\",\"mediaWidth\":31} --><\/p><div class=\"wp-block-media-text alignwide is-stacked-on-mobile\" style=\"grid-template-columns: 31% auto;\"><figure class=\"wp-block-media-text__media\"><img loading=\"lazy\" decoding=\"async\" class=\"alignnone size-full wp-image-275\" src=\"http:\/\/sc1jsxj5307.universe.wf\/wp-content\/uploads\/2021\/08\/Image1-7.png\" alt=\"\" width=\"217\" height=\"151\" \/><\/figure><div class=\"wp-block-media-text__content\"><p><!-- wp:paragraph --><\/p><p><i>La constitution du projet d\u2019accompagnement personnalis\u00e9 prenant en compte les attentes et besoins singuliers de chaque personne accompagn\u00e9e est essentielle \u00e0 la qualit\u00e9 de la r\u00e9ponse apport\u00e9e par l\u2019\u00e9tablissement. Certains projets personnalis\u00e9s peuvent parfois \u00eatre trop ou trop peu ambitieux ou encore manquer d\u2019inspiration, de pr\u00e9cision. La r\u00e9daction peut s\u2019av\u00e9rer compliqu\u00e9e et devenir une formalit\u00e9. Les professionnels se retrouvent \u00e9galement parfois au carrefour de plusieurs projets personnalis\u00e9s pour la personne accueillie (par ex. lieu de vie et lieu de travail) suscitant un questionnement sur la juste posture entre la coh\u00e9rence de l\u2019ensemble et le respect de la sp\u00e9cificit\u00e9 de chaque domaine.<\/i><\/p><p><!-- \/wp:paragraph --><\/p><\/div><\/div><p><!-- \/wp:media-text --><\/p><p><!-- wp:heading {\"textColor\":\"accent\"} --><\/p><h2 class=\"has-accent-color has-text-color\"><strong>Les enjeux auxquels r\u00e9pondre<\/strong><\/h2><p><!-- \/wp:heading --><\/p><p><!-- wp:paragraph --><\/p><p>Au-del\u00e0 des attentes et besoins, le projet personnalis\u00e9 doit prendre en compte la personne dans sa dimension existentielle, surtout si elle se situe dans un espace de vie et non de production. Le projet doit \u00e9galement refl\u00e9ter et (re)lancer le d\u00e9sir de la personne accompagn\u00e9e au lieu de se focaliser sur ce qui serait \u00ab pratique pour l\u2019\u00e9quipe \u00bb. Pour ce faire, le projet personnalis\u00e9 ne doit pas se r\u00e9duire \u00e0 une formalit\u00e9 mais doit instaurer une dynamique pour la personne accompagn\u00e9e, le r\u00e9f\u00e9rent et l\u2019\u00e9quipe pluridisciplinaire.<\/p><p>\u00a0<\/p><p><!-- \/wp:paragraph --><\/p><p><!-- wp:paragraph --><\/p><p><!-- \/wp:paragraph --><\/p><p><!-- wp:heading {\"textColor\":\"accent\"} --><\/p><h2 class=\"has-accent-color has-text-color\"><strong>Les objectifs<\/strong><\/h2><p><!-- \/wp:heading --><\/p><p><!-- wp:paragraph --><\/p><p>Insuffler une dynamique d\u2019\u00e9quipe<\/p><p>(pluridisciplinaire) au projet personnalis\u00e9<\/p><p>*\u00a0\u00a0\u00a0 Redonner \u00e0 la personne accueillie une place cen- trale et participative dans son projet<\/p><p>*\u00a0\u00a0\u00a0 Clarifier la place des parents et des tuteurs<\/p><p>\u00a0<\/p><p><!-- \/wp:paragraph --><\/p><p><!-- wp:paragraph --><\/p><p><!-- \/wp:paragraph --><\/p><p><!-- wp:heading {\"textColor\":\"accent\"} --><\/p><h2 class=\"has-accent-color has-text-color\"><strong>Notre proposition<\/strong><\/h2><p><!-- \/wp:heading --><\/p><p><!-- wp:paragraph --><\/p><p>\u00a0<\/p><ul><li>A travers une formation adapt\u00e9e \u00e0 vos besoins (dur\u00e9e et format ajustables), nous traitons les th\u00e9matiques suivantes :<\/li><li>* Analyse et relecture des projets personnalis\u00e9s pr\u00e9c\u00e9dents permettant d\u2019identifier le degr\u00e9 et les raisons de satisfaction<\/li><li>* Suite \u00e0 l\u2019analyse, travail sur la coh\u00e9rence des proc\u00e9dures en lien avec l\u2019organigramme de l\u2019\u00e9tablissement et approfondissement \/ am\u00e9lioration des diff\u00e9rentes \u00e9tapes<\/li><li>* Regard et prise en compte de la dimension existentielle de la personne (\u00e0 travers l\u2019outil de la r\u00e9silience ou le travail d\u2019Erik Erikson sur la construction de l\u2019identit\u00e9)<\/li><li>* Cr\u00e9ation d\u2019outils d\u2019aide \u00e0 l\u2019\u00e9laboration du projet adapt\u00e9s aux besoins concrets de l\u2019\u00e9tablissement et des \u00e9quipes<\/li><li>* Travail sur la mani\u00e8re de situer le projet personnalis\u00e9 dans la \u00ab carte relationnelle \u00bb de la personne<\/li><li>* Familiarisation ou mutualisation des moyens garantissant la plus grande participation possible de la personne accompagn\u00e9e<\/li><li>* Elaboration d\u2019un projet personnalis\u00e9 \u00ab test \u00bb<\/li><li>* D\u00e9finition de principes d\u2019intervention en cas de refus de la personne accompagn\u00e9e (sur le projet personnalis\u00e9 ou la participation \u00e0 une synth\u00e8se par exemple)<\/li><li>* Comprendre le va et vient entre le projet personnalis\u00e9 et le projet d\u2019\u00e9tablissement et, le cas \u00e9ch\u00e9ant, les principes fondateurs de l\u2019association (projet associatif, charte, valeurs, etc.)<\/li><\/ul><p>\u00a0<\/p><p><!-- \/wp:paragraph --><\/p><p><!-- wp:paragraph --><\/p><p><!-- \/wp:paragraph --><\/p><p><!-- wp:heading {\"textColor\":\"accent\"} --><\/p><h2 class=\"has-accent-color has-text-color\"><strong>Public concern\u00e9 et pr\u00e9-requis<\/strong><\/h2><p><!-- \/wp:heading --><\/p><p><!-- wp:paragraph --><\/p><p><strong>Salari\u00e9 ou b\u00e9n\u00e9vole en situation d\u2019accompagnement <\/strong>au sein d\u2019association ou d\u2019\u00e9tablissement proposant un service d\u2019accueil, d\u2019\u00e9coute ou d\u2019accompagnement,<br \/>en particulier de personnes en situations<br \/>difficiles ou instables.<\/p><p><!-- \/wp:paragraph --><\/p><p><!-- wp:paragraph --><\/p><p><em>Educateurs, aides-soignants, AMP, managers interm\u00e9diaires, chefs de services, \u00e9quipes m\u00e9dicales, surveillants de nuit, etc.<\/em><\/p><p><!-- \/wp:paragraph --><\/p><p><!-- wp:paragraph --><\/p><p><!-- \/wp:paragraph --><\/p><p><!-- wp:heading {\"textColor\":\"accent\"} --><\/p><h2 class=\"has-accent-color has-text-color\"><strong>Notre approche<\/strong><\/h2><p><!-- \/wp:heading --><\/p><p><!-- wp:paragraph --><\/p><p>La formation est <strong>orient\u00e9e vers l\u2019action <\/strong>gr\u00e2ce au <strong>travail sur des situations concr\u00e8tes <\/strong>apport\u00e9es par les participants. Nous mettons en place un \u00e9change \u00e0 partir de situations v\u00e9cues pour favoriser l\u2019implication et permettre l\u2019\u00e9laboration de propositions applicables directement sur le terrain.<\/p><p><!-- \/wp:paragraph --><\/p><p><!-- wp:paragraph --><\/p><p>Gr\u00e2ce \u00e0 une <strong>animation interactive<\/strong>, nous valorisons l\u2019exp\u00e9rience des participants sans jugement de valeur et avec une neutralit\u00e9 bienveillante. Tous nos intervenants s\u2019attachent \u00e0 cr\u00e9er un <strong>cadre de parole et d\u2019\u00e9change rassurant<\/strong>. Le questionnement propos\u00e9 a pour objectif de faciliter la prise de conscience progressive en respectant le rythme et l\u2019implication de chacun.<\/p><p><!-- \/wp:paragraph --><\/p><p><!-- wp:paragraph --><\/p><p>L\u2019acquisition des connaissances vient en <strong>r\u00e9ponses aux questionnements <\/strong>propos\u00e9s, au travers de diff\u00e9rents exercices pratiques. Ceux-ci ont pour objectif de faciliter des prises de conscience progressives, en respectant le rythme et l\u2019implication de chacun.<\/p><p><!-- \/wp:paragraph --><\/p><p><!-- wp:paragraph --><\/p><p><!-- \/wp:paragraph --><\/p><p><!-- wp:heading {\"textColor\":\"accent\"} --><\/p><h2 class=\"has-accent-color has-text-color\"><strong>Les intervenants<\/strong><\/h2><p><!-- \/wp:heading --><\/p><p><!-- wp:paragraph --><\/p><p>Tous les intervenants d\u2019Artisans d\u2019Humanit\u00e9 sont des professionnels de l\u2019accompagnement avec une forte<br \/>exp\u00e9rience du terrain. Nous choisissons ensemble l\u2019intervenant correspondant le plus \u00a0\u00e0 vos enjeux et objectifs mais aussi \u00e0 ceux de l\u2019\u00e9quipe accompagn\u00e9e.<\/p><p><!-- \/wp:paragraph --><\/p><p><!-- wp:paragraph --><\/p><p>D\u00e9couvrez tous les intervenants <a href=\"http:\/\/sc1jsxj5307.universe.wf\/index.php\/presentation-des-consultants-formateurs\/\" data-type=\"URL\" data-id=\"http:\/\/sc1jsxj5307.universe.wf\/index.php\/presentation-des-consultants-formateurs\/\">sur la page correspondante.<\/a><\/p><p><!-- \/wp:paragraph --><\/p><p><!-- wp:paragraph --><\/p><p><!-- \/wp:paragraph --><\/p><p><!-- wp:heading {\"textColor\":\"accent\"} --><\/p><p>r\u00e9approprier\u00a0\u00bb<\/p><p><!-- \/wp:paragraph --><\/p><p><!-- wp:paragraph --><\/p><p><!-- \/wp:paragraph --><\/p><p><!-- wp:paragraph --><\/p><p><!-- \/wp:paragraph --><\/p>\t\t\t\t\t\t<\/div>\n\t\t\t\t<\/div>\n\t\t\t\t\t<\/div>\n\t\t<\/div>\n\t\t\t\t\t\t\t<\/div>\n\t\t<\/section>\n\t\t\t\t\t\t<\/div>\n\t\t\t\t\t<\/div>\n\t\t","protected":false},"excerpt":{"rendered":"<p>La constitution du projet d\u2019accompagnement personnalis\u00e9 prenant en compte les attentes et besoins singuliers de chaque personne accompagn\u00e9e est essentielle \u00e0 la qualit\u00e9 de la r\u00e9ponse apport\u00e9e par l\u2019\u00e9tablissement. Certains projets personnalis\u00e9s peuvent parfois \u00eatre trop ou trop peu ambitieux ou encore manquer d\u2019inspiration, de pr\u00e9cision. La r\u00e9daction peut s\u2019av\u00e9rer [&hellip;]<\/p>\n","protected":false},"author":2,"featured_media":0,"parent":134,"menu_order":0,"comment_status":"closed","ping_status":"closed","template":"","meta":{"footnotes":""},"class_list":["post-162","page","type-page","status-publish","hentry"],"_links":{"self":[{"href":"https:\/\/artisansdhumanite.fr\/index.php\/wp-json\/wp\/v2\/pages\/162","targetHints":{"allow":["GET"]}}],"collection":[{"href":"https:\/\/artisansdhumanite.fr\/index.php\/wp-json\/wp\/v2\/pages"}],"about":[{"href":"https:\/\/artisansdhumanite.fr\/index.php\/wp-json\/wp\/v2\/types\/page"}],"author":[{"embeddable":true,"href":"https:\/\/artisansdhumanite.fr\/index.php\/wp-json\/wp\/v2\/users\/2"}],"replies":[{"embeddable":true,"href":"https:\/\/artisansdhumanite.fr\/index.php\/wp-json\/wp\/v2\/comments?post=162"}],"version-history":[{"count":7,"href":"https:\/\/artisansdhumanite.fr\/index.php\/wp-json\/wp\/v2\/pages\/162\/revisions"}],"predecessor-version":[{"id":428,"href":"https:\/\/artisansdhumanite.fr\/index.php\/wp-json\/wp\/v2\/pages\/162\/revisions\/428"}],"up":[{"embeddable":true,"href":"https:\/\/artisansdhumanite.fr\/index.php\/wp-json\/wp\/v2\/pages\/134"}],"wp:attachment":[{"href":"https:\/\/artisansdhumanite.fr\/index.php\/wp-json\/wp\/v2\/media?parent=162"}],"curies":[{"name":"wp","href":"https:\/\/api.w.org\/{rel}","templated":true}]}}