{"id":134,"date":"2021-08-10T16:03:12","date_gmt":"2021-08-10T14:03:12","guid":{"rendered":"http:\/\/artisansdhumanite.fr\/?page_id=134"},"modified":"2023-08-31T17:09:45","modified_gmt":"2023-08-31T15:09:45","slug":"nos-formation","status":"publish","type":"page","link":"https:\/\/artisansdhumanite.fr\/index.php\/nos-formation\/","title":{"rendered":"Nos formations"},"content":{"rendered":"<h6><img loading=\"lazy\" decoding=\"async\" src=\"https:\/\/artisansdhumanite.fr\/wp-content\/uploads\/2021\/08\/Image1.png\" alt=\"\" width=\"218\" height=\"139\" \/> <a href=\"https:\/\/artisansdhumanite.fr\/index.php\/relecture-des-pratiques\/\">Relecture\u00a0 des pratiques<\/a><\/h6>\n<h6><a href=\"https:\/\/artisansdhumanite.fr\/index.php\/nos-formation\/travail-famille-parents\/\"><\/a><\/h6>\n<h6><img loading=\"lazy\" decoding=\"async\" src=\"https:\/\/artisansdhumanite.fr\/wp-content\/uploads\/2021\/08\/Image1-2-300x199.png\" alt=\"\" width=\"213\" height=\"141\" \/><a href=\"https:\/\/artisansdhumanite.fr\/index.php\/nos-formation\/travail-famille-parents\/\">Travail famille -parents<\/a><\/h6>\n<h6><img loading=\"lazy\" decoding=\"async\" src=\"https:\/\/artisansdhumanite.fr\/wp-content\/uploads\/2021\/08\/Image1-1.png\" alt=\"\" width=\"215\" height=\"151\" \/> <a href=\"https:\/\/artisansdhumanite.fr\/index.php\/accompagner-une-personne-dans-sa-globalite\/\">Accompagner une personne dans sa globalit\u00e9<\/a><\/h6>\n<h6>\u00a0<a href=\"https:\/\/artisansdhumanite.fr\/index.php\/nos-formation\/accompagner-le-gestion-demotions\/\"><\/a><\/h6>\n<h6><img loading=\"lazy\" decoding=\"async\" src=\"https:\/\/artisansdhumanite.fr\/wp-content\/uploads\/2021\/08\/Image1-3.png\" alt=\"\" width=\"217\" height=\"140\" \/><a href=\"https:\/\/artisansdhumanite.fr\/index.php\/nos-formation\/accompagner-le-gestion-demotions\/\">Accompagner la gestion d&rsquo;\u00e9motion<\/a><\/h6>\n<h6><a href=\"https:\/\/artisansdhumanite.fr\/index.php\/nos-formation\/accompagner-le-gestion-demotions\/\"><\/a><\/h6>\n<h6><img loading=\"lazy\" decoding=\"async\" src=\"https:\/\/artisansdhumanite.fr\/wp-content\/uploads\/2021\/08\/Sanctions-300x177.png\" alt=\"\" width=\"215\" height=\"127\" \/><a href=\"https:\/\/artisansdhumanite.fr\/index.php\/nos-formation\/faire-autorite-et-porter-la-sanction\/\">Faire autorit\u00e9 et porter la sanction<\/a><\/h6>\n<h6><img loading=\"lazy\" decoding=\"async\" src=\"https:\/\/artisansdhumanite.fr\/wp-content\/uploads\/2021\/08\/Image1-4.png\" alt=\"\" width=\"215\" height=\"160\" \/> <a href=\"https:\/\/artisansdhumanite.fr\/index.php\/savoir-ecouter\/\">Savoir \u00e9couter<\/a><\/h6>\n<h6><img loading=\"lazy\" decoding=\"async\" src=\"https:\/\/artisansdhumanite.fr\/wp-content\/uploads\/2021\/08\/Image1-5.png\" alt=\"\" width=\"217\" height=\"160\" \/> <a href=\"https:\/\/artisansdhumanite.fr\/index.php\/savoir-dire-non\/\">Savoir dire non<\/a><\/h6>\n<h6><img loading=\"lazy\" decoding=\"async\" src=\"https:\/\/artisansdhumanite.fr\/wp-content\/uploads\/2021\/08\/Image1.png\" alt=\"\" width=\"218\" height=\"139\" \/> <a href=\"https:\/\/artisansdhumanite.fr\/index.php\/posture-et-pratique-des-acteurs-sur-le-terrain\/\">Posture et pratique des acteurs sur le terrain<\/a><\/h6>\n<h6><img loading=\"lazy\" decoding=\"async\" src=\"https:\/\/artisansdhumanite.fr\/wp-content\/uploads\/2021\/08\/Image1-7.png\" alt=\"\" width=\"217\" height=\"151\" \/> <a href=\"https:\/\/artisansdhumanite.fr\/index.php\/le-projet-personnalise\/\">Le projet personnalis\u00e9<\/a><\/h6>\n<h6><img loading=\"lazy\" decoding=\"async\" src=\"https:\/\/artisansdhumanite.fr\/wp-content\/uploads\/2021\/08\/Image1-8.png\" alt=\"\" width=\"217\" height=\"143\" \/> <a href=\"https:\/\/artisansdhumanite.fr\/index.php\/gerer-les-conflits\/\">G\u00e9rer les conflits<\/a><\/h6>\n<h6><img loading=\"lazy\" decoding=\"async\" src=\"https:\/\/artisansdhumanite.fr\/wp-content\/uploads\/2021\/08\/Image1-1.png\" alt=\"\" width=\"215\" height=\"151\" \/>\u00a0<a href=\"https:\/\/artisansdhumanite.fr\/index.php\/nos-formation\/mal-et-hc-psy\/\">Accompagner les personnes en situation de maladie ou handicap psychique<\/a><\/h6>\n<h6><img loading=\"lazy\" decoding=\"async\" src=\"https:\/\/artisansdhumanite.fr\/wp-content\/uploads\/2021\/08\/Image1-6-300x200.png\" alt=\"\" width=\"218\" height=\"145\" \/>\u00a0<a href=\"https:\/\/artisansdhumanite.fr\/index.php\/construire-une-culture-de-la-bientraitance\/\">Construire une culture de la bientraitance<\/a><\/h6>\n<h6><img loading=\"lazy\" decoding=\"async\" src=\"https:\/\/artisansdhumanite.fr\/wp-content\/uploads\/2021\/08\/Image1-10.png\" alt=\"\" width=\"216\" height=\"139\" \/> <a href=\"https:\/\/artisansdhumanite.fr\/index.php\/nos-formation\/comprendre-et-transformer-la-violence\/\">Comprendre et transformer la violence<\/a><\/h6>\n<h6><img loading=\"lazy\" decoding=\"async\" src=\"https:\/\/artisansdhumanite.fr\/wp-content\/uploads\/2021\/08\/Image1-9.png\" alt=\"\" width=\"217\" height=\"146\" \/> <a href=\"https:\/\/artisansdhumanite.fr\/index.php\/nos-formation\/acccompagner-la-vie-affective-et-sexuelle\/\">Accompagner la vie affective et sexuelle<\/a><\/h6>\n<h6><img loading=\"lazy\" decoding=\"async\" src=\"https:\/\/artisansdhumanite.fr\/wp-content\/uploads\/2021\/08\/Image1-4.png\" alt=\"\" width=\"215\" height=\"160\" \/> <a href=\"https:\/\/artisansdhumanite.fr\/index.php\/nos-formation\/cnv\/\">Communication non violente<\/a><\/h6>\n<h1><\/h1>\n<h6><img loading=\"lazy\" decoding=\"async\" src=\"https:\/\/artisansdhumanite.fr\/wp-content\/uploads\/2021\/08\/Image1-6-300x200.png\" alt=\"\" width=\"195\" height=\"130\" \/><a href=\"https:\/\/artisansdhumanite.fr\/index.php\/nos-formation\/vieillir-et-partir-en-paixun-nouveau-souffle-pour-accompagnes-et-accompagnants\/\">Vieillir et partir en paix,un nouveau souffle pour accompagn\u00e9s et accompagnants\u2026<\/a><\/h6>\n<h6><img loading=\"lazy\" decoding=\"async\" src=\"https:\/\/artisansdhumanite.fr\/wp-content\/uploads\/2021\/08\/Image1-11.png\" alt=\"\" width=\"216\" height=\"139\" \/><a href=\"https:\/\/artisansdhumanite.fr\/index.php\/nos-formation\/prendre-en-compte-les-dimensions-existentielles-spirituelles-et-religieuse-dans-laccompagnement\/\">Prendre en compte les dimensions existentielles, spirituelles et religieuse dans l\u2019accompagnement<\/a><\/h6>\n","protected":false},"excerpt":{"rendered":"<p>Relecture\u00a0 des pratiques Travail famille -parents Accompagner une personne dans sa globalit\u00e9 \u00a0 Accompagner la gestion d&rsquo;\u00e9motion Faire autorit\u00e9 et porter la sanction Savoir \u00e9couter Savoir dire non Posture et pratique des acteurs sur le terrain Le projet personnalis\u00e9 G\u00e9rer les conflits \u00a0Accompagner les personnes en situation de maladie ou [&hellip;]<\/p>\n","protected":false},"author":2,"featured_media":0,"parent":0,"menu_order":2,"comment_status":"closed","ping_status":"closed","template":"","meta":{"footnotes":""},"class_list":["post-134","page","type-page","status-publish","hentry"],"_links":{"self":[{"href":"https:\/\/artisansdhumanite.fr\/index.php\/wp-json\/wp\/v2\/pages\/134","targetHints":{"allow":["GET"]}}],"collection":[{"href":"https:\/\/artisansdhumanite.fr\/index.php\/wp-json\/wp\/v2\/pages"}],"about":[{"href":"https:\/\/artisansdhumanite.fr\/index.php\/wp-json\/wp\/v2\/types\/page"}],"author":[{"embeddable":true,"href":"https:\/\/artisansdhumanite.fr\/index.php\/wp-json\/wp\/v2\/users\/2"}],"replies":[{"embeddable":true,"href":"https:\/\/artisansdhumanite.fr\/index.php\/wp-json\/wp\/v2\/comments?post=134"}],"version-history":[{"count":32,"href":"https:\/\/artisansdhumanite.fr\/index.php\/wp-json\/wp\/v2\/pages\/134\/revisions"}],"predecessor-version":[{"id":494,"href":"https:\/\/artisansdhumanite.fr\/index.php\/wp-json\/wp\/v2\/pages\/134\/revisions\/494"}],"wp:attachment":[{"href":"https:\/\/artisansdhumanite.fr\/index.php\/wp-json\/wp\/v2\/media?parent=134"}],"curies":[{"name":"wp","href":"https:\/\/api.w.org\/{rel}","templated":true}]}}

<h6><img loading="lazy" decoding="async" src="https://artisansdhumanite.fr/wp-content/uploads/2021/08/Image1.png" alt="" width="218" height="139" /> <a href="https://artisansdhumanite.fr/index.php/relecture-des-pratiques/">Relecture  des pratiques</a></h6>
<h6><a href="https://artisansdhumanite.fr/index.php/nos-formation/travail-famille-parents/"></a></h6>
<h6><img loading="lazy" decoding="async" src="https://artisansdhumanite.fr/wp-content/uploads/2021/08/Image1-2-300x199.png" alt="" width="213" height="141" /><a href="https://artisansdhumanite.fr/index.php/nos-formation/travail-famille-parents/">Travail famille -parents</a></h6>
<h6><img loading="lazy" decoding="async" src="https://artisansdhumanite.fr/wp-content/uploads/2021/08/Image1-1.png" alt="" width="215" height="151" /> <a href="https://artisansdhumanite.fr/index.php/accompagner-une-personne-dans-sa-globalite/">Accompagner une personne dans sa globalité</a></h6>
<h6> <a href="https://artisansdhumanite.fr/index.php/nos-formation/accompagner-le-gestion-demotions/"></a></h6>
<h6><img loading="lazy" decoding="async" src="https://artisansdhumanite.fr/wp-content/uploads/2021/08/Image1-3.png" alt="" width="217" height="140" /><a href="https://artisansdhumanite.fr/index.php/nos-formation/accompagner-le-gestion-demotions/">Accompagner la gestion d&rsquo;émotion</a></h6>
<h6><a href="https://artisansdhumanite.fr/index.php/nos-formation/accompagner-le-gestion-demotions/"></a></h6>
<h6><img loading="lazy" decoding="async" src="https://artisansdhumanite.fr/wp-content/uploads/2021/08/Sanctions-300x177.png" alt="" width="215" height="127" /><a href="https://artisansdhumanite.fr/index.php/nos-formation/faire-autorite-et-porter-la-sanction/">Faire autorité et porter la sanction</a></h6>
<h6><img loading="lazy" decoding="async" src="https://artisansdhumanite.fr/wp-content/uploads/2021/08/Image1-4.png" alt="" width="215" height="160" /> <a href="https://artisansdhumanite.fr/index.php/savoir-ecouter/">Savoir écouter</a></h6>
<h6><img loading="lazy" decoding="async" src="https://artisansdhumanite.fr/wp-content/uploads/2021/08/Image1-5.png" alt="" width="217" height="160" /> <a href="https://artisansdhumanite.fr/index.php/savoir-dire-non/">Savoir dire non</a></h6>
<h6><img loading="lazy" decoding="async" src="https://artisansdhumanite.fr/wp-content/uploads/2021/08/Image1.png" alt="" width="218" height="139" /> <a href="https://artisansdhumanite.fr/index.php/posture-et-pratique-des-acteurs-sur-le-terrain/">Posture et pratique des acteurs sur le terrain</a></h6>
<h6><img loading="lazy" decoding="async" src="https://artisansdhumanite.fr/wp-content/uploads/2021/08/Image1-7.png" alt="" width="217" height="151" /> <a href="https://artisansdhumanite.fr/index.php/le-projet-personnalise/">Le projet personnalisé</a></h6>
<h6><img loading="lazy" decoding="async" src="https://artisansdhumanite.fr/wp-content/uploads/2021/08/Image1-8.png" alt="" width="217" height="143" /> <a href="https://artisansdhumanite.fr/index.php/gerer-les-conflits/">Gérer les conflits</a></h6>
<h6><img loading="lazy" decoding="async" src="https://artisansdhumanite.fr/wp-content/uploads/2021/08/Image1-1.png" alt="" width="215" height="151" /> <a href="https://artisansdhumanite.fr/index.php/nos-formation/mal-et-hc-psy/">Accompagner les personnes en situation de maladie ou handicap psychique</a></h6>
<h6><img loading="lazy" decoding="async" src="https://artisansdhumanite.fr/wp-content/uploads/2021/08/Image1-6-300x200.png" alt="" width="218" height="145" /> <a href="https://artisansdhumanite.fr/index.php/construire-une-culture-de-la-bientraitance/">Construire une culture de la bientraitance</a></h6>
<h6><img loading="lazy" decoding="async" src="https://artisansdhumanite.fr/wp-content/uploads/2021/08/Image1-10.png" alt="" width="216" height="139" /> <a href="https://artisansdhumanite.fr/index.php/nos-formation/comprendre-et-transformer-la-violence/">Comprendre et transformer la violence</a></h6>
<h6><img loading="lazy" decoding="async" src="https://artisansdhumanite.fr/wp-content/uploads/2021/08/Image1-9.png" alt="" width="217" height="146" /> <a href="https://artisansdhumanite.fr/index.php/nos-formation/acccompagner-la-vie-affective-et-sexuelle/">Accompagner la vie affective et sexuelle</a></h6>
<h6><img loading="lazy" decoding="async" src="https://artisansdhumanite.fr/wp-content/uploads/2021/08/Image1-4.png" alt="" width="215" height="160" /> <a href="https://artisansdhumanite.fr/index.php/nos-formation/cnv/">Communication non violente</a></h6>
<h1></h1>
<h6><img loading="lazy" decoding="async" src="https://artisansdhumanite.fr/wp-content/uploads/2021/08/Image1-6-300x200.png" alt="" width="195" height="130" /><a href="https://artisansdhumanite.fr/index.php/nos-formation/vieillir-et-partir-en-paixun-nouveau-souffle-pour-accompagnes-et-accompagnants/">Vieillir et partir en paix,un nouveau souffle pour accompagnés et accompagnants…</a></h6>
<h6><img loading="lazy" decoding="async" src="https://artisansdhumanite.fr/wp-content/uploads/2021/08/Image1-11.png" alt="" width="216" height="139" /><a href="https://artisansdhumanite.fr/index.php/nos-formation/prendre-en-compte-les-dimensions-existentielles-spirituelles-et-religieuse-dans-laccompagnement/">Prendre en compte les dimensions existentielles, spirituelles et religieuse dans l’accompagnement</a></h6>

<p>Relecture  des pratiques Travail famille -parents Accompagner une personne dans sa globalité   Accompagner la gestion d&rsquo;émotion Faire autorité et porter la sanction Savoir écouter Savoir dire non Posture et pratique des acteurs sur le terrain Le projet personnalisé Gérer les conflits  Accompagner les personnes en situation de maladie ou [&hellip;]</p>
